87 is divided by 91885.
242
Calculate the remainder when 8332304 is divided by 3349.
3341
What is the remainder when 12011331 is divided by 6535?
1
Calculate the remainder when 44964 is divided by 2997.
9
What is the remainder when 2396527 is divided by 2708?
2655
Calculate the remainder when 26703 is divided by 13312.
79
What is the remainder when 35285327 is divided by 432?
431
What is the remainder when 161412 is divided by 1084?
980
Calculate the remainder when 4697725 is divided by 90.
85
What is the remainder when 28105 is divided by 74?
59
What is the remainder when 23453453 is divided by 137?
12
What is the remainder when 44444 is divided by 11109?
8
What is the remainder when 60048920 is divided by 357434?
8
Calculate the remainder when 214989 is divided by 6141.
54
What is the remainder when 2338536 is divided by 4025?
11
What is the remainder when 224382 is divided by 1506?
1494
What is the remainder when 125200 is divided by 24916?
620
What is the remainder when 38872 is divided by 829?
738
What is the remainder when 2571599 is divided by 7937?
11
What is the remainder when 261977 is divided by 130979?
19
Calculate the remainder when 3143934 is divided by 2389.
10
What is the remainder when 64450 is divided by 4575?
400
Calculate the remainder when 202144596 is divided by 104.
4
Calculate the remainder when 31335072 is divided by 177.
54
What is the remainder when 42791802 is divided by 2227?
2224
Calculate the remainder when 17369623 is divided by 5789866.
25
Calculate the remainder when 3715954 is divided by 15880.
34
Calculate the remainder when 1204796 is divided by 80.
76
What is the remainder when 7263126 is divided by 1991?
1949
Calculate the remainder when 1836312 is divided by 3439.
3325
Calculate the remainder when 649347 is divided by 197.
35
Calculate the remainder when 604814 is divided by 757.
728
What is the remainder when 3458409 is divided by 10?
9
What is the remainder when 60159 is divided by 59851?
308
Calculate the remainder when 4008952 is divided by 40.
32
Calculate the remainder when 278991 is divided by 139101.
789
What is the remainder when 101479751 is divided by 36675?
26
What is the remainder when 201008 is divided by 40199?
13
Calculate the remainder when 6533079 is divided by 131.
109
What is the remainder when 15198 is divided by 1694?
1646
Calculate the remainder when 15161722 is divided by 36.
34
What is the remainder when 253242497 is divided by 700?
697
Calculate the remainder when 101188 is divided by 2465.
123
Calculate the remainder when 68312057 is divided by 8418.
8405
What is the remainder when 74078 is divided by 6161?
146
Calculate the remainder when 1823252 is divided by 19602.
266
What is the remainder when 810420 is divided by 5263?
5181
What is the remainder when 915965 is divided by 457689?
587
Calculate the remainder when 4211303 is divided by 742.
453
Calculate the remainder when 457095 is divided by 232.
55
Calculate the remainder when 99557 is divided by 1778.
1767
Calculate the remainder when 13396312 is divided by 18326.
6
What is the remainder when 437582 is divided by 1052?
1002
What is the remainder when 154179 is divided by 19215?
459
Calculate the remainder when 26685449 is divided by 50.
49
What is the remainder when 3194846 is divided by 1597399?
48
Calculate the remainder when 55813 is divided by 1501.
276
Calculate the remainder when 34985 is divided by 16931.
1123
Calculate the remainder when 25132 is divided by 8302.
226
What is the remainder when 130054 is divided by 2433?
1105
Calculate the remainder when 12034723 is divided by 13.
12
What is the remainder when 3317042 is divided by 64?
50
Calculate the remainder when 253105 is divided by 3366.
655
Calculate the remainder when 10825341 is divided by 470654.
299
Calculate the remainder when 221797931 is divided by 423.
419
What is the remainder when 1076687 is divided by 293?
205
What is the remainder when 17449541 is divided by 4530?
4511
What is the remainder when 99271877 is divided by 489024?
5
What is the remainder when 53749 is divided by 9700?
5249
What is the remainder when 453252 is divided by 50?
2
What is the remainder when 2599732 is divided by 202?
194
What is the remainder when 3480 is divided by 2646?
834
Calculate the remainder when 142227 is divided by 28158.
1437
Calculate the remainder when 174405 is divided by 1529.
99
Calculate the remainder when 6085501 is divided by 3093.
1570
What is the remainder when 1632174 is divided by 2074?
2010
Calculate the remainder when 34154 is divided by 1052.
490
Calculate the remainder when 53000413 is divided by 449.
4
What is the remainder when 22043127 is divided by 479?
26
Calculate the remainder when 42341319 is divided by 20.
19
What is the remainder when 1195535 is divided by 12453?
47
What is the remainder when 119898294 is divided by 2019?
1998
What is the remainder when 110997 is divided by 55495?
7
What is the remainder when 103490 is divided by 8619?
62
What is the remainder when 452411 is divided by 564?
83
What is the remainder when 8472149 is divided by 7723?
18
What is the remainder when 1951805 is divided by 2863?
2102
Calculate the remainder when 145383 is divided by 930.
303
Calculate the remainder when 21811 is divided by 635.
221
What is the remainder when 3603827 is divided by 578?
575
What is the remainder when 38198549 is divided by 1442?
1411
What is the remainder when 424022 is divided by 211637?
748
Calculate the remainder when 9330 is divided by 2808.
906
Calculate the remainder when 7984653 is divided by 1140644.
145
What is the remainder when 224901 is divided by 44941?
196
Calculate the remainder when 186761 is divided by 2008.
17
Calculate the remainder when 964661 is divided by 482271.
119
What is the remainder when 603551 is divided by 11?
3
What is the remainder when 5584990 is divided by 1116792?
1030
Calculate the remainder when 771490 is divided by 44.
38
What is the remainder when 104745 is divided by 9?
3
Calculate the remainder when 349657 is divided by 817.
798
What is the remainder when 9637930 is divided by 4110?
4090
What is the remainder when 262238 is divided by 9266?
2790
Calculate the remainder when 48261 is divided by 6775.
836
What is the remainder when 17706123 is divided by 179?
159
Calculate the remainder when 666774 is divided by 94.
32
Calculate the remainder when 20598 is divided by 1146.
1116
What is the remainder when 384111 is divided by 9421?
7271
Calculate the remainder when 5633233 is divided by 1043.
1033
Calculate the remainder when 190840939 is divided by 168.
163
What is the remainder when 935023 is divided by 273?
271
What is the remainder when 205021 is divided by 1172?
1093
Calculate the remainder when 12747019 is divided by 572.
571
What is the remainder when 3625 is divided by 1369?
887
What is the remainder when 172825097 is divided by 11599?
11596
What is the remainder when 7439251 is divided by 192?
19
What is the remainder when 17913769 is divided by 188?
1
What is the remainder when 12575761 is divided by 63?
16
What is the remainder when 1934983 is divided by 1170?
973
What is the remainder when 24368 is divided by 3045?
8
Calculate the remainder when 98311430 is divided by 247.
243
Calculate the remainder when 1522211 is divided by 556.
439
What is the remainder when 4197062 is divided by 528?
518
What is the remainder when 645776 is divided by 39?
14
What is the remainder when 2245113 is divided by 11454?
129
What is the remainder when 5752497 is divided by 8?
1
What is the remainder when 129216 is divided by 21529?
42
What is the remainder when 395092 is divided by 222?
154
Calculate the remainder when 40826 is divided by 2686.
536
Calculate the remainder when 8207666 is divided by 5133.
5132
Calculate the remainder when 19715610 is divided by 16457.
124
What is the remainder when 107092097 is divided by 44?
13
What is the remainder when 438487 is divided by 1044?
7
Calculate the remainder when 42444 is divided by 499.
29
What is the remainder when 16913935 is divided by 257?
251
Calculate the remainder when 6125325 is divided by 36.
33
Calculate the remainder when 96897 is divided by 1309.
31
Calculate the remainder when 1518264 is divided by 189.
27
Calculate the remainder wh